1110
Convert 3102 (base 8) to base 14.
826
1464 (base 8) to base 4
30310
Convert 2119 (base 13) to base 2.
1000111101001
-992 (base 12) to base 16
-57e
What is 5315 (base 8) in base 13?
1349
What is 331311 (base 5) in base 10?
11456
What is -1464 (base 14) in base 6?
-24424
What is 4221 (base 5) in base 4?
20301
Convert 3605 (base 14) to base 15.
2bc8
What is -1735 (base 16) in base 12?
-3531
61 (base 7) to base 11
3a
What is 3b (base 16) in base 6?
135
What is -6121 (base 7) in base 15?
-967
-100604 (base 7) to base 3
-212110112
1052 (base 6) to base 4
3320
What is -6324 (base 8) in base 15?
-e8e
2513 (base 11) to base 6
23105
Convert a963 (base 12) to base 7.
105243
Convert -1ae45 (base 15) to base 14.
-23cc6
-26ea (base 15) to base 6
-102304
Convert 3559 (base 15) to base 5.
330314
Convert -2112002 (base 5) to base 3.
-1210100122
-352c (base 13) to base 2
-1110100110010
What is -223 (base 4) in base 7?
-61
What is 725 (base 11) in base 16?
36a
Convert 322234 (base 6) to base 10.
26446
Convert 11110010101 (base 2) to base 8.
3625
26 (base 15) to base 8
44
1372 (base 9) to base 3
1102102
What is -12427 (base 11) in base 13?
-8156
What is 1203 (base 9) in base 14?
47c
Convert -322441 (base 5) to base 11.
-8297
What is 189b (base 12) in base 9?
4102
What is 14448 (base 10) in base 3?
201211010
What is -245 (base 12) in base 10?
-341
What is 9b3 (base 14) in base 4?
132001
-215052 (base 6) to base 11
-12548
Convert 348 (base 15) to base 10.
743
1134 (base 6) to base 9
334
What is -1426 (base 8) in base 16?
-316
What is -5384 (base 11) in base 16?
-1bc6
What is 10122 (base 5) in base 2?
1010010110
786 (base 10) to base 12
556
232 (base 14) to base 10
436
What is 5988 (base 16) in base 8?
54610
-2bb3 (base 13) to base 14
-2491
What is 100101011001 (base 2) in base 5?
34033
Convert 2222211 (base 4) to base 14.
3d9b
Convert -121010 (base 3) to base 2.
-110110011
20101222 (base 3) to base 9
6358
-266 (base 7) to base 11
-123
Convert -6683 (base 15) to base 11.
-15359
What is -5973 (base 12) in base 11?
-7592
What is -11001111101 (base 2) in base 11?
-1280
What is 111132 (base 4) in base 6?
10210
Convert -56 (base 7) to base 13.
-32
Convert 485 (base 12) to base 14.
365
What is -5224 (base 8) in base 11?
-2042
-111202011 (base 3) to base 13
-473b
What is 1b86 (base 14) in base 6?
35122
Convert 18824 (base 11) to base 5.
1320113
What is 126 (base 8) in base 12?
72
What is 6eb (base 16) in base 13?
a63
What is -8a1 (base 15) in base 4?
-132133
-76c7 (base 14) to base 13
-9486
Convert 22022 (base 4) to base 9.
802
-1506 (base 9) to base 2
-10001110100
What is -33304 (base 6) in base 7?
-16360
What is -22000022 (base 3) in base 7?
-23012
Convert -1043 (base 5) to base 10.
-148
What is -1431412 (base 5) in base 9?
-45421
Convert -231 (base 5) to base 16.
-42
-1110101100 (base 2) to base 6
-4204
b70e (base 15) to base 12
1a4a2
Convert 1457 (base 8) to base 3.
1010012
What is 34178 (base 12) in base 4?
100323230
8637 (base 11) to base 3
120122202
Convert -cd4 (base 15) to base 6.
-21231
Convert 10010111101001 (base 2) to base 11.
7323
Convert -50460 (base 7) to base 6.
-132403
Convert 20122 (base 4) to base 16.
21a
What is -196 (base 13) in base 7?
-565
-1402002 (base 5) to base 16
-6ed9
What is -191 (base 12) in base 2?
-11111101
What is -39b4 (base 13) in base 6?
-102123
Convert 3213 (base 8) to base 6.
11431
Convert -13320 (base 6) to base 14.
-a76
What is 3851 (base 10) in base 3?
12021122
43440 (base 5) to base 2
101110110011
What is -4d7 (base 14) in base 12?
-691
-11223103 (base 4) to base 11
-16518
Convert 298 (base 10) to base 8.
452
Convert 1000101110 (base 2) to base 5.
4213
-15d (base 14) to base 5
-2104
What is -1584 (base 9) in base 11?
-a00
What is -5c9 (base 14) in base 6?
-5205
120120001 (base 3) to base 6
124301
Convert 1207 (base 10) to base 4.
102313
What is -111112210 (base 3) in base 8?
-23224
-10102012 (base 4) to base 14
-6570
Convert -3060 (base 7) to base 11.
-894
What is 3230223 (base 4) in base 5?
441042
6c48 (base 14) to base 6
223224
Convert -22 (base 16) to base 5.
-114
What is d1c (base 16) in base 11?
2581
3230002 (base 5) to base 9
83403
Convert -3a (base 12) to base 6.
-114
23031 (base 4) to base 12
4b9
Convert 701 (base 8) to base 7.
1211
What is 1441410 (base 6) in base 9?
136246
What is -187 (base 13) in base 16?
-118
-1101000101100 (base 2) to base 6
-51004
742 (base 8) to base 6
2122
What is 11ac (base 14) in base 3?
11020112
-220013 (base 4) to base 5
-40232
Convert 25633 (base 9) to base 12.
a003
-555 (base 14) to base 9
-1402
What is -75 (base 14) in base 11?
-94
Convert 101a1 (base 14) to base 12.
1a515
Convert 872 (base 9) to base 3.
222102
Convert -11012213 (base 4) to base 12.
-1011b
What is 2cd5 (base 15) in base 4?
2112302
10223 (base 4) to base 2
100101011
111100100000 (base 2) to base 11
2a00
Convert -1100111001110 (base 2) to base 6.
-50330
854e (base 15) to base 2
110111000100111
55312 (base 6) to base 2
1110111111100
What is -3072 (base 9) in base 8?
-4314
20ae (base 16) to base 10
8366
Convert 504a (base 11) to base 7.
25363
-2100210222 (base 3) to base 11
-31a51
Convert 3138 (base 10) to base 2.
110001000010
What is 75 (base 12) in base 8?
131
Convert -4c1 (base 16) to base 15.
-562
What is -95 (base 11) in base 16?
-68
Convert -323 (base 16) to base 15.
-388
Convert -38515 (base 10) to base 4.
-21121303
What is -272 (base 13) in base 3?
-120222
What is -122211 (base 4) in base 11?
-1307
What is 768 (base 11) in base 16?
399
Convert 3043 (base 13) to base 5.
203041
What is -1120021 (base 3) in base 9?
-1507
2370 (base 9) to base 15
7c9
What is -1a64 (base 12) in base 15?
-e64
What is -18849 (base 11) in base 14?
-9834
Convert -103c (base 15) to base 7.
-13002
Convert 101120200 (base 3) to base 10.
7713
What is 363 (base 8) in base 13?
159
What is 33503 (base 6) in base 8?
11157
-c67 (base 15) to base 10
-2797
What is 4001 (base 6) in base 14?
45b
Convert -1656 (base 11) to base 2.
-100001000110
Convert -3469 (base 12) to base 11.
-4430
-141212 (base 6) to base 10
-13256
What is 12451 (base 6) in base 2?
11101101111
12 (base 6) to base 13
8
What is -10101011100101 (base 2) in base 4?
-2223211
238 (base 14) to base 2
110111010
Convert -2102220 (base 3) to base 13.
-a6b
Convert 2032113 (base 4) to base 2.
10001110010111
Convert 567 (base 9) to base 16.
1d2
5736 (base 10) to base 13
27c3
-1111010111 (base 2) to base 14
-503
Convert -22102120 (base 3) to base 7.
-23625
What is 1167 (base 10) in base 13?
6ba
What is -1001111111 (base 2) in base 6?
-2543
What is 1100 (base 8) in base 12?
400
What is -1aa (base 11) in base 16?
-f1
What is 10244 (base 13) in base 12?
1490b
2cd (base 16) to base 10
717
Convert 4407 (base 10) to base 9.
6036
Convert -4dcc (base 14) to base 9.
-20716
What is -11101100010101 (base 2) in base 12?
-8905
Convert 322c (base 14) to base 7.
34155
Convert -3311 (base 4) to base 7.
-500
What is 5a28 (base 16) in base 8?
55050
Convert 83841 (base 9) to base 4.
31201000
What is -10047 (base 9) in base 3?
-100001121
-22056 (base 12) to base 11
-30894
Convert -460 (base 11) to base 5.
-4200
Convert e1c (base 15) to base 7.
12156
Convert -2039 (base 11) to base 14.
-db2
What is 211 (base 9) in base 13?
103
40c3 (base 14) to base 3
120021212
What is 5213 (base 10) in base 12?
3025
Convert -12314 (base 5) to base 12.
-67b
What is -4212401 (base 5) in base 7?
-410166
-64080 (base 9) to base 3
-2011002200
-112102 (base 3) to base 5
-3024
What is -222201 (base 3) in base 6?
-3201
What is -246a (base 11) in base 4?
-302112
What is 337 (base 12) in base 7?
1246
111433 (base 5) to base 7
14433
-10325 (base 6) to base 11
-1082
-5622 (base 10) to base 8
-12766
Convert -465f (base 16) to base 9.
-26636
What is 3285 (base 9) in base 12?
14a2
Convert 45150 (base 9) to base 16.
753f
What is -d9f (base 16) in base 15?
-1077
Convert 60b1 (base 16) to base 3.
1020221210
What is -10 (base 16) in base 5?
-31
What is -2210120 (base 3) in base 6?
-13240
Convert -1126 (base 8) to base 13.
-370
Convert 458 (base 11) to base 4.
20203
-2220033 (base 5) to base 3
-1222011212
Convert 1035 (base 6) to base 14.
131
What is -31201 (base 4) in base 11?
-717
3657 (base 9) to base 13
1318
What is -2326 (base 7) in base 3?
